-4). Let c(g) = g + 1 - g - 7 - 3*g**2 - g**3 + 4. What is c(d)?
-2
Let d(t) = t**3 - 7*t**2 - 10*t. Let u(j) = j**3 - 7*j**2 - 9*j - 3. Let m(g) = 2*d(g) - 3*u(g). What is m(8)?
1
Suppose -2*z - 3*r + 4 = 0, 6 = -5*z + 2*r + 16. Let g(h) = 6*h - 3*h**2 - 5*h**z + 7*h**2 - 1. Determine g(6).
-1
Let r(v) = v**2 - 6*v + 6. Suppose -4*a = 13 + 15. Let s = a + 24. Let x = -12 + s. Calculate r(x).
1
Let a(v) = -7*v**2 + 7*v + 3. Let t(u) = -10*u**2 + 10*u + 4. Let y(b) = -7*a(b) + 5*t(b). Calculate y(3).
-7
Suppose 4*i + 112 = -0*i. Let y = i - -19. Let l = -7 - y. Let d(s) = s**3 - 2*s**2 + 3*s. Determine d(l).
6
Let z(n) = 4*n. Let q be z(-1). Let w be ((-3)/9)/(q/(-36)). Let a(h) = -5*h**2 + 2*h**2 + h**2 + 1 + h + h**3 + 5*h**2. Calculate a(w).
-2
Let f(c) = 26*c + 2. Let m be f(1). Let b be 1 - 7/(m/(-8)). Let s(d) = -2*d + 2*d**2 + 4*d - 1 - 4*d**2 + 3*d**b. Determine s(1).
2
Let c(r) = 9*r + 20. Let o(s) = 3*s + 7. Let x(h) = 6*c(h) - 17*o(h). Let v(w) = 1. Let q(i) = v(i) - x(i). Determine q(-3).
9
Suppose 4*f + 3*o = -37, 6 = -5*o - 9. Let u(s) = 2*s - 5*s**2 - 6 - s**3 + 5*s - s**2. Give u(f).
-6
Let r(c) = -217 - c - 211 - c**3 - 223 + 650 - 6*c**2. Let q(z) = -z**2 + 6*z - 1. Let a be q(5). Let u = a - 10. Give r(u).
5
Let u(s) = -s**3 + 9*s**2 + 2*s + 4. Let c(h) = 2*h**2 + h. Let n(l) = 3*c(l) - u(l). Give n(3).
-1
Let k(r) = 2*r**3 - 2*r**2 + 3*r - 2. Suppose 7 = p + 12*a - 13*a, -5*a = -4*p + 32. Give k(p).
43
Let s(w) = -w - 8. Let d be s(3). Let g = 8 + d. Let k(v) = v**2 + v - 4. Determine k(g).
2
Let j(r) = -r**3 + 8*r**2 - 3*r + 2. Let d be ((-486)/63 - 2/7)*-1. Give j(d).
-22
Suppose -88 = -17*s - 5*s. Let z(q) = 5*q - 11. Calculate z(s).
9
Let u = 184 - 193. Let f(x) = -2*x - 13. Give f(u).
5
Let v(n) be the first derivative of 2*n**3/3 - 5*n**2/2 - 4*n + 2. Suppose 0 = -3*j - y + 16, 0*j + 5*y - 16 = j. Give v(j).
8
Let t(p) be the third derivative of p**7/2520 + p**6/720 + p**5/120 + 19*p**4/24 - 4*p**2. Let q(w) be the second derivative of t(w). Calculate q(-4).
13
Let i(p) be the first derivative of -p**2 - 13*p - 164. Determine i(-10).
7
Let a(i) be the third derivative of -i**4/2 + 5*i**3/3 + 2*i**2 - 149*i. Determine a(1).
-2
Let b(o) = o**2 - 8*o - 8. Let r be -4*13/65*(-50)/4. Give b(r).
12
Let y(k) = -4*k**3 + 2*k + 1. Let h(t) = t**3 + 4*t**2 - 1. Let q be h(-4). Let d be y(q). Let i(r) = -2*r - r**2 - d*r + 5*r - 8. What is i(0)?
-8
Suppose -j - 26*g + 21*g = -12, 2*g = -3*j + 23. Let v(n) = -2*n**3 + 15*n**2 - 10*n + 14. Calculate v(j).
-7
Let c(m) be the third derivative of m**7/5040 + m**6/720 - m**5/12 + 8*m**2. Let h(v) be the third derivative of c(v). What is h(-3)?
-2
Let x(o) be the first derivative of 3*o**2 + 3*o + 37. Give x(4).
27
Let y(k) = -k + 5. Let v(b) = -10*b - 110. Let d be v(-12). Determine y(d).
-5
Suppose z - 10 + 26 = 5*b, 36 = 4*b + 5*z. Suppose 3*j - 24 = -b*u, 3*u - 2*u = -2*j + 11. Let o(k) = u - 2*k**2 - 1 - 5*k + 3*k**2. Calculate o(5).
2
Let p = 12 + -7. Let a(m) = 7*m - 34*m**3 - 2*m**2 + 0*m + p + 33*m**3. Let t = 10 + -14. Determine a(t).
9
Let u(b) = -2*b + b + 4 - 4*b + 2*b + 3*b**2. Let p(k) = -13*k**2 + 13*k - 16. Let o(d) = -2*p(d) - 9*u(d). Determine o(0).
-4
Let z(m) be the third derivative of m**6/120 + 7*m**5/60 + 3*m**4/8 + m**3 - 9*m**2 + 9*m. What is z(-6)?
-12
Let n(w) = 7*w**2 + 18*w - 3. Let l(m) = -m**2 - 2*m + 1. Let x(g) = 5*l(g) + n(g). Determine x(-6).
26
Suppose 0*w = 3*w + 126. Let y = -38 - w. Let x(t) = -t - 4. Give x(y).
-8
Let n(u) be the third derivative of u**5/10 + u**3/6 + 167*u**2. Give n(-2).
25
Let x be (0 + 0)/(-25 + 26). Let k(g) = -g**3 + g**2 - g + 18. What is k(x)?
18
Suppose 23*d - 6 = 25*d. Let z(t) be the first derivative of t**5/30 + t**4/8 - t**3/3 + t**2/2 - 1. Let f(v) be the second derivative of z(v). Calculate f(d).
7
Suppose v + v - 2 = 0. Let u(j) = j**2 + v + 9*j - 3 - 8*j. Determine u(3).
10
Suppose -15*x - 27*x - 378 = 0. Let t(r) = -4*r - 14. Determine t(x).
22
Let i(w) = 4*w**2 + 3*w - w**3 + w**2 - w**2 + 1 + 5. Give i(5).
-4
Suppose 3*d = 5*s - 0*d, 2*d - 7 = s. Let r(t) = t**3 - 2 + 0*t**3 + s*t + 1 + 3*t**2 - 8*t. Give r(-5).
-26
Let b(r) = 3*r**3 + r + 1. Let n(l) = -16*l**3 + l**2 - 6*l - 4. Let x(i) = -6*b(i) - n(i). Calculate x(-2).
10
Let o = -316 + 329. Let q(h) = -h**3 + 12*h**2 + 14*h + 3. Give q(o).
16
Let d(p) = -p**2. Let i be 6/(-12)*-3 + 58/4. Let j be (6*(-4)/i)/((-6)/(-8)). Calculate d(j).
-4
Suppose 6*k - 8*k = 26. Let n(m) = -m**3 - 25*m**2 + 11*m**2 - 14*m + 2*m + 14. Let s be n(k). Let b(u) = -10*u. What is b(s)?
-10
Suppose 7*k - 16 = 3*k. Let c(u) be the third derivative of u**7/5040 + u**6/720 + u**5/30 - 9*u**2. Let v(y) be the third derivative of c(y). What is v(k)?
5
Let y be 6 - -6*1/(-6). Let w = 2 - 2. Let v(t) = -t + 6 + w*t - y. Give v(-2).
3
Let z(i) = -3*i**3 - 17*i + 8. Let v(k) = -k**3 + k**2 - 2*k. Let n(b) = 4*v(b) - z(b). Determine n(6).
-26
Let m(u) = -u**3 - 2*u**2 + 5*u - 8. Let z be m(-4). Let p(v) = 4*v**3 + z + 4*v**2 - 8*v + 9*v - 3*v**3. Calculate p(-3).
10
Let z(g) be the third derivative of 1/2*g**3 + 11/24*g**4 + 0 + 0*g - 1/60*g**5 - 14*g**2. Give z(11).
3
Let w(s) = -s**2 + 9*s - 15. Let k be w(12). Let a = k - -49. Let c(p) be the third derivative of p**5/60 - p**4/6 - p**3/2 + p**2. What is c(a)?
9
Let i(m) = m + 9. Let l be i(-6). Let q(s) = 8 + s - 303*s**l + 0*s + 302*s**3. Suppose 0 = -2*j + 3*j. What is q(j)?
8
Let i = -36 - -43. Let g(l) = 10*l - 5*l - 6 - l**3 + i*l**2 + 2 + 2*l**3. Determine g(-6).
2
Let w(c) = 3*c + 6. Let t(z) = -2*z + 10. Let h be t(-8). Let l = h - 30. What is w(l)?
-6
Let q(k) = -k**3 - 3*k**2 + 5*k + 3. Let w(d) = 4*d**3 + 13*d**2 - 21*d - 14. Let c(l) = 9*q(l) + 2*w(l). What is c(-3)?
8
Let g(k) = -5*k + 3*k + 0*k**2 - 62 - 70 + 133 - 6*k**2. Give g(1).
-7
Let s(k) = k**3 - 3*k**2 + 4*k - 2. Let q(c) = -2*c - 3. Let i = 10 + -13. Let a be q(i). Calculate s(a).
10
Let k(j) = 3 - 3*j - 19 - 9 + 7*j. What is k(8)?
7
Let g(s) = s - 8. Let a(q) = -3*q - 42. Let w be a(-14). Suppose w*v = v. Determine g(v).
-8
Suppose 412 = 10*p - 58. Let r = -36 + p. Let y(l) = -l**2 + 11*l + 5. Calculate y(r).
5
Let g(m) be the first derivative of m**5/60 - 5*m**4/24 + 22*m**3/3 + 3. Let w(t) be the third derivative of g(t). Determine w(7).
9
Let t(a) = -a + 4. Suppose -23*n - 389 + 113 = 0. What is t(n)?
16
Let o be (-1)/2 - 195/(-30). Let p(y) = -y**2 + 6*y + 5. Determine p(o).
5
Let z(u) = -9*u - 1. Let w(l) = l**3 + 9*l**2 + l + 13. Let h be w(-9). Suppose h*k + 14 = 2*q, 5*k = q - 1 - 6. Suppose -3*y = -q*y - 4. Calculate z(y).
8
Let l(n) = -n**2 + 13*n + 23. Let i be 46 + -39 + (6 - -2). What is l(i)?
-7
Let w = -45 - -39. Let c(z) = z**2 - 12*z - 3. Let v(j) = j**2 - 11*j - 2. Let i(b) = w*c(b) + 7*v(b). What is i(4)?
0
Let p(y) = y**2 + 10*y + 8. Let n = 176 - 184. Calculate p(n).
-8
Suppose 14*y = 15*y - 9. Suppose -49 + 4 = y*w. Let a(j) = -4*j - 2. Determine a(w).
18
Let f(v) = 0 - 1 + 191*v - 103*v - 92*v. Let a(p) = -p**2 + 4*p + 5. Let d be a(4). Determine f(d).
-21
Let p(k) be the first derivative of 2 + 6*k + 1/2*k**2. Suppose 27 = 231*h - 240*h. What is p(h)?
3
Let j(v) = -7. Let o(n) = 3*n + 21. Let t(d) = -6*j(d) - o(d). What is t(6)?
3
Let v(c) = -11*c**3 - 7*c**2 + 6*c - 12. Let k(s) = 20*s**3 + 13*s**2 - 11*s + 24. Let b(z) = 6*k(z) + 11*v(z). Calculate b(0).
12
Let h = 221 + -220. Let t(q) = -4*q + 8. Determine t(h).
4
Let b(c) = c**2 - 6*c - 7. Suppose -4*v = -f + 1, 5*f = -4*v - 18 - 1. Let u = v - -7. What is b(u)?
-7
Let j(g) = g + 4. Let n(z) = 5*z + 3. Let y(o) = -2*j(o) + n(o). Give y(3).
4
Let l(v) = -2*v**2 - 867 + 15*v + 840 + 3*v**2. Determine l(-17).
7
Let k(x) = 7*x - 4. Let w(p) = 6*p - 4. Let i(o) = -4*k(o) + 5*w(o). Let h(c) = 68*c + 4. Let v be h(4). Let l be 3/(-4) + v/48. Determine i(l).
6
Let k be (105/(-60))/((-1)/92 - 0). Suppose 4*c - 153 = -k. Let j(d) = -4*d + 3*d - 1 - 2*d. What is j(c)?
5
Let m be 2/4*4*-1. Let j be (-3 - m)*(-2)/2. Let l(h) be the second derivative of -h**4/12 - h**3/6 + h**2/2 + 115*h + 1. Determine l(j).
-1
Let g = 232 + -126. Let a = -112 + g. Let l(x) = x**2 + 5*x - 1. What is l(a)?
5
Let d be 5/((-20)/(-6))*2. Let u be (d - (3 + -2))/(-1). Let i(y) be the second derivative of 2*y**3/3 